) to base 10
11085620
Convert 667b8 (base 12) to base 16.
212fc
1533488 (base 10) to base 7
16014545
-540522 (base 7) to base 11
-64604
Convert 64a2be (base 15) to base 16.
492329
Convert -af7e (base 16) to base 4.
-22331332
What is -292109 (base 10) in base 13?
-a2c5c
29187 (base 15) to base 3
20201001001
117171 (base 11) to base 15
39d23
-4186b3 (base 12) to base 7
-11522334
-372004 (base 8) to base 6
-2424340
-3439058 (base 10) to base 2
-1101000111100111010010
1562312 (base 8) to base 14
ba906
-768517 (base 13) to base 16
-2a8dfa
11010001010 (base 3) to base 15
18eb9
What is -170611 (base 10) in base 6?
-3353511
114112 (base 6) to base 11
7553
Convert 1220102 (base 3) to base 13.
82a
Convert -544604 (base 9) to base 3.
-121111200011
Convert 10266214 (base 7) to base 10.
873730
354404 (base 8) to base 4
131210010
What is 609026 (base 11) in base 9?
1750884
-827428 (base 10) to base 9
-1501014
What is 3a89 (base 14) in base 3?
112010222
Convert 1411301435 (base 6) to base 2.
1000001011010001001011111
What is -3ff30 (base 16) in base 9?
-438270
-11255132 (base 7) to base 15
-147db8
What is -2030011032 (base 4) in base 12?
-238066
104371a (base 11) to base 12
745ab6
Convert 564552 (base 8) to base 12.
92522
Convert 2031240 (base 7) to base 9.
410256
-19275 (base 12) to base 9
-55258
52998 (base 16) to base 7
2606244
Convert 3210012202 (base 4) to base 9.
1673557
312212310 (base 5) to base 15
1a6b70
What is 4e391 (base 16) in base 5?
40223101
What is 4241c (base 15) in base 10?
210177
Convert -19343 (base 14) to base 10.
-63759
Convert 764b05 (base 12) to base 11.
1070580
-4aab1 (base 16) to base 15
-60946
66aa3 (base 13) to base 4
231200003
What is -1c0a7e (base 15) in base 6?
-45203032
-3a2999 (base 11) to base 7
-5245466
What is 133697 (base 13) in base 9?
777408
What is -8aa529 (base 16) in base 5?
-4311224444
33832 (base 13) to base 2
10110110111100011
What is 66448 (base 9) in base 14?
12108
Convert -2002111101000 (base 3) to base 15.
-16e730
Convert -4403243 (base 5) to base 3.
-10211111101
-101440542 (base 6) to base 13
-499475
What is 363a18 (base 13) in base 3?
2102201102011
Convert 1000001100110100010 (base 2) to base 6.
5432002
What is -119141 (base 15) in base 6?
-30003541
Convert -b0dc6 (base 15) to base 10.
-559986
What is 101411311 (base 6) in base 7?
20644201
What is -6386308 (base 10) in base 11?
-3672145
Convert 25586268 (base 9) to base 16.
bfe2f2
Convert -15114556 (base 7) to base 16.
-15dc4e
Convert -342422 (base 6) to base 4.
-13012232
What is -1552 (base 9) in base 11?
-984
1002ca5 (base 15) to base 13
2491cca
What is -133001102 (base 4) in base 13?
-45aa9
1111705 (base 8) to base 16
493c5
Convert -2451381 (base 10) to base 12.
-9a2759
Convert -b98773 (base 13) to base 10.
-4360125
Convert 1123102113 (base 4) to base 10.
373911
-985079 (base 10) to base 7
-11241644
-450225 (base 6) to base 10
-37673
112202210000 (base 3) to base 13
a2423
Convert 101110001010010101 (base 2) to base 3.
100121100212
Convert -dc2d4 (base 14) to base 10.
-532914
What is -660905 (base 10) in base 2?
-10100001010110101001
What is 56dd58 (base 15) in base 3?
21210201022102
Convert 1101402031 (base 5) to base 9.
4414862
5121158 (base 9) to base 14
510db1
-24465306 (base 7) to base 5
-1030414214
What is 1020210100021 (base 3) in base 11?
414775
What is 61540023 (base 7) in base 5?
2304340223
3ca871 (base 14) to base 7
23610601
Convert 78806 (base 11) to base 14.
2d829
What is -48473 (base 10) in base 5?
-3022343
What is 1210121110002 (base 3) in base 6?
32301302
Convert -202947 (base 16) to base 2.
-1000000010100101000111
What is -101012102200 (base 3) in base 4?
-301001112
106001 (base 7) to base 12
ab02
-152502 (base 8) to base 9
-82800
What is -21100301323 (base 4) in base 11?
-1409238
Convert -2b29a (base 14) to base 12.
-522a0
Convert 72111 (base 11) to base 9.
170370
Convert -17a11e (base 15) to base 12.
-474262
What is 4123502 (base 6) in base 10?
197822
What is -455cf (base 16) in base 5?
-33042421
Convert 323525 (base 7) to base 2.
1101110011000100
Convert -726107 (base 12) to base 7.
-21150532
Convert 1912647 (base 10) to base 6.
104554503
What is -1486158 (base 9) in base 5?
-202342013
Convert -880ae2 (base 15) to base 2.
-11000101110101000011110
What is 1140413244 (base 5) in base 16?
28bd00
-211cbc (base 15) to base 5
-400410002
What is -144140423 (base 5) in base 14?
-161175
Convert 1a1ba01 (base 14) to base 6.
1142100521
Convert -347d6 (base 15) to base 16.
-28cef
Convert 11222201101 (base 4) to base 9.
2712777
-10001111101110110000110 (base 2) to base 15
-630746
What is 47053460 (base 8) in base 7?
153042351
What is 1318407 (base 9) in base 6?
23243224
Convert -46322 (base 13) to base 14.
-348c1
What is -18535b (base 12) in base 5?
-102030423
-252103455 (base 6) to base 16
-4a2b9b
314856 (base 9) to base 14
4c3a3
What is 4001404 (base 6) in base 4?
231221230
-4ea43e (base 15) to base 5
-1431442314
100000100011000 (base 2) to base 4
10010120
What is -24366 (base 15) in base 4?
-130031001
Convert 110111110100011 (base 2) to base 5.
1403304
Convert 6b05b (base 14) to base 9.
436624
Convert -14511103 (base 7) to base 6.
-45333214
What is -159c59 (base 13) in base 12?
-21a205
-381362 (base 10) to base 16
-5d1b2
What is 3202020 (base 8) in base 7?
10151622
Convert 120211102222200 (base 3) to base 15.
b12cc0
Convert -791b6 (base 12) to base 8.
-472332
Convert 448d0 (base 15) to base 12.
a61a3
Convert -15303202 (base 6) to base 4.
-2003022302
-11200303320 (base 4) to base 2
-101100000110011111000
What is -1000101100001011010110101 (base 2) in base 13?
-3a11424
What is -128047 (base 9) in base 2?
-10011000011011110
Convert 150a566 (base 12) to base 3.
21222211110120
Convert 2342202331 (base 5) to base 12.
1999582
14543a3 (base 12) to base 9
7626716
What is 10b2344 (base 12) in base 16?
311a64
3446150 (base 7) to base 6
13131345
Convert -17330 (base 14) to base 8.
-161616
Convert d4e31 (base 16) to base 13.
246b8a
4a7262 (base 13) to base 10
1786579
Convert 255227 (base 9) to base 14.
40567
What is -1626630 (base 7) in base 12?
-aa716
12877 (base 12) to base 10
25435
What is 1141613 (base 7) in base 14?
3aa43
What is 1576 (base 12) in base 8?
4752
What is 3edd08 (base 16) in base 14?
793568
Convert -46261 (base 7) to base 8.
-27033
Convert 1107323 (base 15) to base 12.
40b13b9
-a3a73 (base 14) to base 2
-1100000010011010101
-11100110110100010101011 (base 2) to base 12
-2648ba3
Convert -1310433043 (base 5) to base 4.
-30101213222
Convert -110111011111110011000 (base 2) to base 10.
-1818520
Convert -23243321 (base 5) to base 16.
-33d70
Convert 78df86 (base 16) to base 15.
a671cc
What is -10221220110 (base 3) in base 11?
-5360a
Convert 1237894 (base 11) to base 15.
2c6684
Convert -24124712 (base 9) to base 4.
-230320321013
1000110000011101001 (base 2) to base 13
a07c4
What is -890ab (base 12) in base 9?
-306055
What is -1001100000100111000 (base 2) in base 15?
-624dd
Convert 24733 (base 13) to base 12.
32a27
What is 71758 (base 14) in base 8?
1025322
-c45beb (base 15) to base 14
-134db51
Convert 14335240 (base 7) to base 9.
2482714
What is 2112112000012 (base 3) in base 9?
2475005
What is -17b77 (base 16) in base 5?
-11102033
21033121 (base 5) to base 12
84955
-8097c (base 14) to base 7
-2425315
-44893e (base 15) to base 9
-6132305
Convert 3aed0 (base 15) to base 5.
22021340
What is -313221313 (base 4) in base 14?
-5d10b
Convert 101001010101110000110 (base 2) to base 11.
845832
Convert 2125072 (base 8) to base 13.
16b620
4604340 (base 7) to base 2
10001011111000111001
What is 10415a (base 13) in base 2?
1011100110110100101
101875 (base 13) to base 7
3121054
22021233332 (base 4) to base 6
133013102
What is 130311312 (base 5) in base 9?
1167305
-204345 (base 8) to base 7
-401464
What is -160277 (base 9) in base 6?
-2040411
What is -3413102 (base 6) in base 14?
-470d0
What is -343245 (base 8) in base 6?
-2254501
What is 1a98593 (base 12) in base 15?
7719c3
What is 243276 (base 9) in base 2?
100011110101001000
-620d1e (base 16) to base 15
-86de76
646602 (base 9) to base 13
106562
Convert -10101100110121 (base 3) to base 15.
-257b54
What is 4122121 (base 5) in base 16?
10659
Convert -60605 (base 10) to base 13.
-2177c
Convert 23117 (base 16) to